he hundreds digit of 4178806?
8
What is the hundred thousands digit of 2149848?
1
What is the ten thousands digit of 1463407?
6
What is the units digit of 17788199?
9
What is the tens digit of 23027020?
2
What is the tens digit of 4979198?
9
What is the ten thousands digit of 3224783?
2
What is the ten thousands digit of 241786?
4
What is the thousands digit of 208651?
8
What is the tens digit of 1239803?
0
What is the ten thousands digit of 17722774?
2
What is the units digit of 111390?
0
What is the thousands digit of 30809811?
9
What is the hundred thousands digit of 101077?
1
What is the ten millions digit of 13557074?
1
What is the units digit of 1744099?
9
What is the units digit of 2128756?
6
What is the units digit of 64593?
3
What is the units digit of 5413141?
1
What is the thousands digit of 157397?
7
What is the millions digit of 1805841?
1
What is the units digit of 243083?
3
What is the hundreds digit of 211703?
7
What is the hundred thousands digit of 4205142?
2
What is the hundreds digit of 10592305?
3
What is the hundreds digit of 801409?
4
What is the tens digit of 279185?
8
What is the units digit of 178653?
3
What is the ten thousands digit of 232818?
3
What is the ten thousands digit of 8930150?
3
What is the thousands digit of 4016338?
6
What is the units digit of 776718?
8
What is the thousands digit of 559905?
9
What is the thousands digit of 823393?
3
What is the hundreds digit of 42433?
4
What is the hundreds digit of 15319188?
1
What is the units digit of 182258?
8
What is the ten thousands digit of 187640?
8
What is the hundred thousands digit of 2201480?
2
What is the tens digit of 173869?
6
What is the thousands digit of 9314592?
4
What is the ten thousands digit of 312256?
1
What is the tens digit of 3166766?
6
What is the thousands digit of 7679999?
9
What is the tens digit of 3692540?
4
What is the units digit of 1267208?
8
What is the hundreds digit of 1511943?
9
What is the hundreds digit of 112221?
2
What is the tens digit of 7709078?
7
What is the ten thousands digit of 13949544?
4
What is the tens digit of 1088630?
3
What is the hundreds digit of 11636117?
1
What is the hundred thousands digit of 182877?
1
What is the millions digit of 4873053?
4
What is the hundreds digit of 10633820?
8
What is the thousands digit of 209089?
9
What is the hundreds digit of 621744?
7
What is the millions digit of 3210720?
3
What is the units digit of 507699?
9
What is the hundreds digit of 1283715?
7
What is the hundreds digit of 10736757?
7
What is the units digit of 2631877?
7
What is the tens digit of 54399?
9
What is the hundreds digit of 3865310?
3
What is the tens digit of 18854366?
6
What is the units digit of 22630516?
6
What is the hundred thousands digit of 640532?
6
What is the hundred thousands digit of 4188612?
1
What is the tens digit of 96753?
5
What is the units digit of 238665?
5
What is the hundred thousands digit of 5848455?
8
What is the thousands digit of 5966415?
6
What is the ten thousands digit of 1681805?
8
What is the units digit of 18931873?
3
What is the tens digit of 1282983?
8
What is the units digit of 732411?
1
What is the millions digit of 7604313?
7
What is the millions digit of 1384405?
1
What is the hundreds digit of 26838?
8
What is the ten thousands digit of 2449269?
4
What is the units digit of 714134?
4
What is the ten thousands digit of 13437592?
3
What is the tens digit of 166315?
1
What is the tens digit of 2450829?
2
What is the tens digit of 2953621?
2
What is the hundreds digit of 199720?
7
What is the tens digit of 659502?
0
What is the ten thousands digit of 182533?
8
What is the hundreds digit of 21322635?
6
What is the ten thousands digit of 12710798?
1
What is the thousands digit of 26297?
6
What is the ten thousands digit of 2722723?
2
What is the units digit of 83097?
7
What is the hundred thousands digit of 22250195?
2
What is the ten thousands digit of 1041610?
4
What is the tens digit of 4917280?
8
What is the thousands digit of 35172586?
2
What is the tens digit of 56098?
9
What is the units digit of 826021?
1
What is the hundred thousands digit of 415343?
4
What is the thousands digit of 921222?
1
What is the thousands digit of 9838604?
8
What is the ten thousands digit of 13841185?
4
What is the ten thousands digit of 2237837?
3
What is the hundreds digit of 480691?
6
What is the hundreds digit of 356457?
4
What is the units digit of 715224?
4
What is the hundred thousands digit of 2143917?
1
What is the thousands digit of 5511702?
1
What is the units digit of 6157398?
8
What is the millions digit of 9802065?
9
What is the ten thousands digit of 139309?
3
What is the ten millions digit of 18242101?
1
What is the hundred thousands digit of 152619?
1
What is the ten millions digit of 17340042?
1
What is the hundred thousands digit of 1203568?
2
What is the thousands digit of 603647?
3
What is the hundreds digit of 761413?
4
What is the millions digit of 4838667?
4
What is the hundreds digit of 137231?
2
What is the ten thousands digit of 1797681?
9
What is the hundreds digit of 284049?
0
What is the millions digit of 1173092?
1
What is the hundred thousands digit of 16785112?
7
What is the ten thousands digit of 1026987?
2
What is the thousands digit of 310763?
0
What is the hundreds digit of 564469?
4
What is the thousands digit of 672935?
2
What is the hundreds digit of 1303751?
7
What is the hundreds digit of 403141?
1
What is the thousands digit of 10115660?
5
What is the ten thousands digit of 687046?
8
What is the units digit of 260829?
9
What is the tens digit of 685990?
9
What is the thousands digit of 958712?
8
What is the tens digit of 646035?
3
What is the ten thousands digit of 1130901?
3
What is the tens digit of 2735688?
8
What is the millions digit of 3702171?
3
What is the tens digit of 382522?
2
What is the tens digit of 511463?
6
What is the ten thousands digit of 9727383?
2
What is the units digit of 1816738?
8
What is the hundred thousands digit of 34851458?
8
What is the hundreds digit of 23758834?
8
What is the tens digit of 1077896?
9
What is the tens digit of 531910?
1
What is the hundred thousands digit of 4054091?
0
What is the tens digit of 1163645?
4
What is the hundreds digit of 1594203?
2
What is the hundred thousands digit of 305647?
3
What is the tens digit of 1508381?
8
What is the hundred thousands digit of 2024651?
0
What is the millions digit of 8135670?
8
What is the millions digit of 2760995?
2
What is the thousands digit of 3415263?
5
What is the ten thousands digit of 2777487?
7
What is the hundred thousands digit of 1684188?
6
What is the tens digit of 6118703?
0
What is the hundreds digit of 2195487?
4
What is the units digit of 666159?
9
What is the hundred thousands digit of 16051754?
0
What is the millions digit of 33666020?
3
What is the hundreds digit of 29608894?
8
What is the thousands digit of 15093171?
3
What is the hundreds digit of 503145?
1
What is the hundreds digit of 3589923?
9
What is the thousands digit of 63440?
3
What is the units digit of 6380021?
1
What is the hundred thousands digit of 255263?
2
What is the hundreds digit of 195968?
9
What is the ten thousands digit of 5600727?
0
What is the thousands digit of 1048187?
8
What is the thousands digit of 161969?
1
What is the hundred thousands digit of 4670991?
6
What is the tens digit of 28153742?
4
What is the hundreds digit of 3097083?
0
What is the units digit of 2473443?
3
What is the ten thousands digit of 853858?
5
What is the thousands digit of 5075295?
5
What is the millions digit of 35428745?
5
What is the ten thousands digit of 1238839?
3
What is the thousands digit of 5430115?
0
What is the ten thousands digit of 7145062?
4
What is the ten millions digit of 19736773?
1
What is the ten thousands digit of 16280672?
8
What is the ten thousands digit of 107127?
0
What is the thousands digit of 5218679?
8
What is the ten thousands digit of 32669957?
6
What is the hundreds digit of 6592314?
3
What is the ten thousands digit of 78792?
7
What is the units digit of 579556?
6
What is the units digit of 1235436?
6
What is the units digit of 12515?
5
What is the millions digit of 5039483?
5
What is the tens digit of 5789649?
4
What is the ten thousands